{"id":523,"date":"2021-12-12T05:35:39","date_gmt":"2021-12-12T04:35:39","guid":{"rendered":"https:\/\/demosites.royal-elementor-addons.com\/construction-v1\/?page_id=98"},"modified":"2024-12-11T21:03:43","modified_gmt":"2024-12-11T20:03:43","slug":"faq","status":"publish","type":"page","link":"https:\/\/pomorskie.zity.pl\/?page_id=523","title":{"rendered":"FAQ"},"content":{"rendered":"\t\t<div data-elementor-type=\"wp-page\" data-elementor-id=\"523\" class=\"elementor elementor-523\" data-elementor-settings=\"{&quot;ha_cmc_init_switcher&quot;:&quot;no&quot;}\">\n\t\t\t\t\t\t<section class=\"elementor-section elementor-top-section elementor-element elementor-element-6a33e8a3 elementor-section-height-min-height elementor-section-content-middle elementor-section-boxed elementor-section-height-default elementor-section-items-middle wpr-particle-no wpr-jarallax-no wpr-parallax-no wpr-sticky-section-no\" data-id=\"6a33e8a3\" data-element_type=\"section\" data-settings=\"{&quot;background_background&quot;:&quot;classic&quot;,&quot;_ha_eqh_enable&quot;:false}\">\n\t\t\t\t\t\t\t<div class=\"elementor-background-overlay\"><\/div>\n\t\t\t\t\t\t\t<div class=\"elementor-container elementor-column-gap-default\">\n\t\t\t\t\t<div class=\"elementor-column elementor-col-100 elementor-top-column elementor-element elementor-element-3a286294\" data-id=\"3a286294\" data-element_type=\"column\">\n\t\t\t<div class=\"elementor-widget-wrap elementor-element-populated\">\n\t\t\t\t\t\t<div class=\"elementor-element elementor-element-60e16aea elementor-widget elementor-widget-heading\" data-id=\"60e16aea\" data-element_type=\"widget\" data-widget_type=\"heading.default\">\n\t\t\t\t<div class=\"elementor-widget-container\">\n\t\t\t<h2 class=\"elementor-heading-title elementor-size-default\">FAQ<\/h2>\t\t<\/div>\n\t\t\t\t<\/div>\n\t\t\t\t\t<\/div>\n\t\t<\/div>\n\t\t\t\t\t<\/div>\n\t\t<\/section>\n\t\t\t\t<section class=\"elementor-section elementor-top-section elementor-element elementor-element-656162e elementor-section-boxed elementor-section-height-default elementor-section-height-default wpr-particle-no wpr-jarallax-no wpr-parallax-no wpr-sticky-section-no\" data-id=\"656162e\" data-element_type=\"section\" data-settings=\"{&quot;_ha_eqh_enable&quot;:false}\">\n\t\t\t\t\t\t<div class=\"elementor-container elementor-column-gap-no\">\n\t\t\t\t\t<div class=\"elementor-column elementor-col-100 elementor-top-column elementor-element elementor-element-29b4fa8\" data-id=\"29b4fa8\" data-element_type=\"column\">\n\t\t\t<div class=\"elementor-widget-wrap elementor-element-populated\">\n\t\t\t\t\t\t<div class=\"elementor-element elementor-element-4076121 elementor-widget elementor-widget-text-editor\" data-id=\"4076121\" data-element_type=\"widget\" data-widget_type=\"text-editor.default\">\n\t\t\t\t<div class=\"elementor-widget-container\">\n\t\t\t\t\t\t\t<p>FAQ<\/p>\t\t\t\t\t\t<\/div>\n\t\t\t\t<\/div>\n\t\t\t\t<div class=\"elementor-element elementor-element-3eed2ea elementor-widget elementor-widget-heading\" data-id=\"3eed2ea\" data-element_type=\"widget\" data-widget_type=\"heading.default\">\n\t\t\t\t<div class=\"elementor-widget-container\">\n\t\t\t<h2 class=\"elementor-heading-title elementor-size-default\">Znajd\u017a odpowiedzi na swoje pytania<\/h2>\t\t<\/div>\n\t\t\t\t<\/div>\n\t\t\t\t<div class=\"elementor-element elementor-element-185d779 elementor-widget-divider--view-line elementor-widget elementor-widget-divider\" data-id=\"185d779\" data-element_type=\"widget\" data-widget_type=\"divider.default\">\n\t\t\t\t<div class=\"elementor-widget-container\">\n\t\t\t\t\t<div class=\"elementor-divider\">\n\t\t\t<span class=\"elementor-divider-separator\">\n\t\t\t\t\t\t<\/span>\n\t\t<\/div>\n\t\t\t\t<\/div>\n\t\t\t\t<\/div>\n\t\t\t\t<section class=\"elementor-section elementor-inner-section elementor-element elementor-element-a269c5b elementor-section-boxed elementor-section-height-default elementor-section-height-default wpr-particle-no wpr-jarallax-no wpr-parallax-no wpr-sticky-section-no\" data-id=\"a269c5b\" data-element_type=\"section\" data-settings=\"{&quot;_ha_eqh_enable&quot;:false}\">\n\t\t\t\t\t\t<div class=\"elementor-container elementor-column-gap-default\">\n\t\t\t\t\t<div class=\"elementor-column elementor-col-100 elementor-inner-column elementor-element elementor-element-bac4e30\" data-id=\"bac4e30\" data-element_type=\"column\">\n\t\t\t<div class=\"elementor-widget-wrap elementor-element-populated\">\n\t\t\t\t\t\t<div class=\"elementor-element elementor-element-827f478 ha-has-bg-overlay elementor-widget elementor-widget-accordion\" data-id=\"827f478\" data-element_type=\"widget\" data-widget_type=\"accordion.default\">\n\t\t\t\t<div class=\"elementor-widget-container\">\n\t\t\t\t\t<div class=\"elementor-accordion\">\n\t\t\t\t\t\t\t<div class=\"elementor-accordion-item\">\n\t\t\t\t\t<div id=\"elementor-tab-title-1361\" class=\"elementor-tab-title\" data-tab=\"1\" role=\"button\" aria-controls=\"elementor-tab-content-1361\" aria-expanded=\"false\">\n\t\t\t\t\t\t\t\t\t\t\t\t\t<span class=\"elementor-accordion-icon elementor-accordion-icon-right\" aria-hidden=\"true\">\n\t\t\t\t\t\t\t\t\t\t\t\t\t\t\t<span class=\"elementor-accordion-icon-closed\"><svg class=\"e-font-icon-svg e-fas-angle-down\" viewBox=\"0 0 320 512\" xmlns=\"http:\/\/www.w3.org\/2000\/svg\"><path d=\"M143 352.3L7 216.3c-9.4-9.4-9.4-24.6 0-33.9l22.6-22.6c9.4-9.4 24.6-9.4 33.9 0l96.4 96.4 96.4-96.4c9.4-9.4 24.6-9.4 33.9 0l22.6 22.6c9.4 9.4 9.4 24.6 0 33.9l-136 136c-9.2 9.4-24.4 9.4-33.8 0z\"><\/path><\/svg><\/span>\n\t\t\t\t\t\t\t\t<span class=\"elementor-accordion-icon-opened\"><svg class=\"e-font-icon-svg e-fas-angle-up\" viewBox=\"0 0 320 512\" xmlns=\"http:\/\/www.w3.org\/2000\/svg\"><path d=\"M177 159.7l136 136c9.4 9.4 9.4 24.6 0 33.9l-22.6 22.6c-9.4 9.4-24.6 9.4-33.9 0L160 255.9l-96.4 96.4c-9.4 9.4-24.6 9.4-33.9 0L7 329.7c-9.4-9.4-9.4-24.6 0-33.9l136-136c9.4-9.5 24.6-9.5 34-.1z\"><\/path><\/svg><\/span>\n\t\t\t\t\t\t\t\t\t\t\t\t\t\t<\/span>\n\t\t\t\t\t\t\t\t\t\t\t\t<a class=\"elementor-accordion-title\" tabindex=\"0\">Co to ZIT?<\/a>\n\t\t\t\t\t<\/div>\n\t\t\t\t\t<div id=\"elementor-tab-content-1361\" class=\"elementor-tab-content elementor-clearfix\" data-tab=\"1\" role=\"region\" aria-labelledby=\"elementor-tab-title-1361\"><p>Zintegrowane Inwestycje Terytorialne to wsp\u00f3lne dzia\u0142ania samorz\u0105d\u00f3w na rzecz \u0142\u0105cz\u0105cych je obszar\u00f3w. ZIT-y powstaj\u0105 w ramach zasad, wg kt\u00f3rych odr\u0119bne samorz\u0105dy nawi\u0105zuj\u0105 wsp\u00f3\u0142prac\u0119 i realizuj\u0105 strategie rozwoju ponadlokalnego.<br \/>ZIT- y s\u0105 finansowane z Funduszy Europejskich, a wg danych Ministerstwa Funduszy i Rozwoju Regionalnego w perspektywie finansowej Unii Europejskiej na lata 2021 \u2013 2027 w Polsce instrumenty terytorialne b\u0119d\u0105 realizowane w 95 Miejskich Obszarach Funkcjonalnych (MOF).<br \/>W wojew\u00f3dztwie pomorskim, pr\u00f3cz Obszaru Metropolitalnego Gda\u0144sk-Gdynia-Sopot, w okresie finansowania UE 2021-2027 powsta\u0142o 9 \u201enowych\u201d ZIT<\/p><\/div>\n\t\t\t\t<\/div>\n\t\t\t\t\t\t\t<div class=\"elementor-accordion-item\">\n\t\t\t\t\t<div id=\"elementor-tab-title-1362\" class=\"elementor-tab-title\" data-tab=\"2\" role=\"button\" aria-controls=\"elementor-tab-content-1362\" aria-expanded=\"false\">\n\t\t\t\t\t\t\t\t\t\t\t\t\t<span class=\"elementor-accordion-icon elementor-accordion-icon-right\" aria-hidden=\"true\">\n\t\t\t\t\t\t\t\t\t\t\t\t\t\t\t<span class=\"elementor-accordion-icon-closed\"><svg class=\"e-font-icon-svg e-fas-angle-down\" viewBox=\"0 0 320 512\" xmlns=\"http:\/\/www.w3.org\/2000\/svg\"><path d=\"M143 352.3L7 216.3c-9.4-9.4-9.4-24.6 0-33.9l22.6-22.6c9.4-9.4 24.6-9.4 33.9 0l96.4 96.4 96.4-96.4c9.4-9.4 24.6-9.4 33.9 0l22.6 22.6c9.4 9.4 9.4 24.6 0 33.9l-136 136c-9.2 9.4-24.4 9.4-33.8 0z\"><\/path><\/svg><\/span>\n\t\t\t\t\t\t\t\t<span class=\"elementor-accordion-icon-opened\"><svg class=\"e-font-icon-svg e-fas-angle-up\" viewBox=\"0 0 320 512\" xmlns=\"http:\/\/www.w3.org\/2000\/svg\"><path d=\"M177 159.7l136 136c9.4 9.4 9.4 24.6 0 33.9l-22.6 22.6c-9.4 9.4-24.6 9.4-33.9 0L160 255.9l-96.4 96.4c-9.4 9.4-24.6 9.4-33.9 0L7 329.7c-9.4-9.4-9.4-24.6 0-33.9l136-136c9.4-9.5 24.6-9.5 34-.1z\"><\/path><\/svg><\/span>\n\t\t\t\t\t\t\t\t\t\t\t\t\t\t<\/span>\n\t\t\t\t\t\t\t\t\t\t\t\t<a class=\"elementor-accordion-title\" tabindex=\"0\">Czym jest strategia ZIT?<\/a>\n\t\t\t\t\t<\/div>\n\t\t\t\t\t<div id=\"elementor-tab-content-1362\" class=\"elementor-tab-content elementor-clearfix\" data-tab=\"2\" role=\"region\" aria-labelledby=\"elementor-tab-title-1362\"><p>Strategia ZIT to dokument planuj\u0105cy dzia\u0142ania na rzecz ponadlokalnego rozwoju terytorialnego. Strategi\u0119 tworz\u0105 sami zainteresowani, czyli lokalne podmioty, a jej istnienie zapewnia przekrojowy, zr\u00f3wnowa\u017cony rozw\u00f3j.<\/p><\/div>\n\t\t\t\t<\/div>\n\t\t\t\t\t\t\t<div class=\"elementor-accordion-item\">\n\t\t\t\t\t<div id=\"elementor-tab-title-1363\" class=\"elementor-tab-title\" data-tab=\"3\" role=\"button\" aria-controls=\"elementor-tab-content-1363\" aria-expanded=\"false\">\n\t\t\t\t\t\t\t\t\t\t\t\t\t<span class=\"elementor-accordion-icon elementor-accordion-icon-right\" aria-hidden=\"true\">\n\t\t\t\t\t\t\t\t\t\t\t\t\t\t\t<span class=\"elementor-accordion-icon-closed\"><svg class=\"e-font-icon-svg e-fas-angle-down\" viewBox=\"0 0 320 512\" xmlns=\"http:\/\/www.w3.org\/2000\/svg\"><path d=\"M143 352.3L7 216.3c-9.4-9.4-9.4-24.6 0-33.9l22.6-22.6c9.4-9.4 24.6-9.4 33.9 0l96.4 96.4 96.4-96.4c9.4-9.4 24.6-9.4 33.9 0l22.6 22.6c9.4 9.4 9.4 24.6 0 33.9l-136 136c-9.2 9.4-24.4 9.4-33.8 0z\"><\/path><\/svg><\/span>\n\t\t\t\t\t\t\t\t<span class=\"elementor-accordion-icon-opened\"><svg class=\"e-font-icon-svg e-fas-angle-up\" viewBox=\"0 0 320 512\" xmlns=\"http:\/\/www.w3.org\/2000\/svg\"><path d=\"M177 159.7l136 136c9.4 9.4 9.4 24.6 0 33.9l-22.6 22.6c-9.4 9.4-24.6 9.4-33.9 0L160 255.9l-96.4 96.4c-9.4 9.4-24.6 9.4-33.9 0L7 329.7c-9.4-9.4-9.4-24.6 0-33.9l136-136c9.4-9.5 24.6-9.5 34-.1z\"><\/path><\/svg><\/span>\n\t\t\t\t\t\t\t\t\t\t\t\t\t\t<\/span>\n\t\t\t\t\t\t\t\t\t\t\t\t<a class=\"elementor-accordion-title\" tabindex=\"0\">Czym jest zasada partnerstwa w ZIT-ach?<\/a>\n\t\t\t\t\t<\/div>\n\t\t\t\t\t<div id=\"elementor-tab-content-1363\" class=\"elementor-tab-content elementor-clearfix\" data-tab=\"3\" role=\"region\" aria-labelledby=\"elementor-tab-title-1363\"><p>Zasada partnerstwa w funduszach strukturalnych, czyli r\u00f3wnie\u017c w ZIT-ach, to obowi\u0105zek w\u0142\u0105czenia spo\u0142ecze\u0144stwa w procesy decyzyjne. G\u0142\u00f3wn\u0105 i obowi\u0105zkow\u0105 form\u0105 realizacji tej zasady jest powo\u0142anie cia\u0142a doradczego, kt\u00f3re sk\u0142ada si\u0119 z reprezentant\u00f3w organizacji spo\u0142ecze\u0144stwa obywatelskiego oraz partner\u00f3w spo\u0142eczno-gospodarczych.<br \/>Mimo obligatoryjnego charakteru zasady partnerstwa analiza przygotowana dla OFOP-u wykazuje, \u017ce w ok 3 % zbadanych cia\u0142 doradczych w og\u00f3le nie ma przedstawicieli organizacji. W 18 % cia\u0142 stanowili oni ponad dwie trzecie sk\u0142adu.<\/p><\/div>\n\t\t\t\t<\/div>\n\t\t\t\t\t\t\t<div class=\"elementor-accordion-item\">\n\t\t\t\t\t<div id=\"elementor-tab-title-1364\" class=\"elementor-tab-title\" data-tab=\"4\" role=\"button\" aria-controls=\"elementor-tab-content-1364\" aria-expanded=\"false\">\n\t\t\t\t\t\t\t\t\t\t\t\t\t<span class=\"elementor-accordion-icon elementor-accordion-icon-right\" aria-hidden=\"true\">\n\t\t\t\t\t\t\t\t\t\t\t\t\t\t\t<span class=\"elementor-accordion-icon-closed\"><svg class=\"e-font-icon-svg e-fas-angle-down\" viewBox=\"0 0 320 512\" xmlns=\"http:\/\/www.w3.org\/2000\/svg\"><path d=\"M143 352.3L7 216.3c-9.4-9.4-9.4-24.6 0-33.9l22.6-22.6c9.4-9.4 24.6-9.4 33.9 0l96.4 96.4 96.4-96.4c9.4-9.4 24.6-9.4 33.9 0l22.6 22.6c9.4 9.4 9.4 24.6 0 33.9l-136 136c-9.2 9.4-24.4 9.4-33.8 0z\"><\/path><\/svg><\/span>\n\t\t\t\t\t\t\t\t<span class=\"elementor-accordion-icon-opened\"><svg class=\"e-font-icon-svg e-fas-angle-up\" viewBox=\"0 0 320 512\" xmlns=\"http:\/\/www.w3.org\/2000\/svg\"><path d=\"M177 159.7l136 136c9.4 9.4 9.4 24.6 0 33.9l-22.6 22.6c-9.4 9.4-24.6 9.4-33.9 0L160 255.9l-96.4 96.4c-9.4 9.4-24.6 9.4-33.9 0L7 329.7c-9.4-9.4-9.4-24.6 0-33.9l136-136c9.4-9.5 24.6-9.5 34-.1z\"><\/path><\/svg><\/span>\n\t\t\t\t\t\t\t\t\t\t\t\t\t\t<\/span>\n\t\t\t\t\t\t\t\t\t\t\t\t<a class=\"elementor-accordion-title\" tabindex=\"0\">Jakie projekty mog\u0105 by\u0107 realizowane w ramach ZIT?<\/a>\n\t\t\t\t\t<\/div>\n\t\t\t\t\t<div id=\"elementor-tab-content-1364\" class=\"elementor-tab-content elementor-clearfix\" data-tab=\"4\" role=\"region\" aria-labelledby=\"elementor-tab-title-1364\"><ul><li>Interwencja wdra\u017cana w ZIT mo\u017ce by\u0107 realizowana w ramach wszystkich cel\u00f3w polityki sp\u00f3jno\u015bci wskazanych w rozporz\u0105dzeniach UE.<\/li><li>Zakres tematyczny strategii ZIT b\u0119d\u0105cy wynikiem przeprowadzonej diagnozy<\/li><\/ul><p>powinien by\u0107 tak\u017ce uj\u0119ty we w\u0142a\u015bciwych programach regionalnych lub krajowych, w kt\u00f3rych przewidziano wsparcie dla realizacji ZIT. W Umowie Partnerstwa wskazano rekomendowane obszary tematyczne, kt\u00f3re mog\u0105 by\u0107 w szczeg\u00f3lno\u015bci predestynowane do wdra\u017cania w ramach ZIT. Nie jest to jednak katalog zamkni\u0119ty i mo\u017ce zosta\u0107, decyzj\u0105 w\u0142a\u015bciwej instytucji zarz\u0105dzaj\u0105cej, po konsultacji ze Zwi\u0105zkiem ZIT, rozszerzony o interwencj\u0119 z innych obszar\u00f3w tematycznych.<\/p><\/div>\n\t\t\t\t<\/div>\n\t\t\t\t\t\t\t<div class=\"elementor-accordion-item\">\n\t\t\t\t\t<div id=\"elementor-tab-title-1365\" class=\"elementor-tab-title\" data-tab=\"5\" role=\"button\" aria-controls=\"elementor-tab-content-1365\" aria-expanded=\"false\">\n\t\t\t\t\t\t\t\t\t\t\t\t\t<span class=\"elementor-accordion-icon elementor-accordion-icon-right\" aria-hidden=\"true\">\n\t\t\t\t\t\t\t\t\t\t\t\t\t\t\t<span class=\"elementor-accordion-icon-closed\"><svg class=\"e-font-icon-svg e-fas-angle-down\" viewBox=\"0 0 320 512\" xmlns=\"http:\/\/www.w3.org\/2000\/svg\"><path d=\"M143 352.3L7 216.3c-9.4-9.4-9.4-24.6 0-33.9l22.6-22.6c9.4-9.4 24.6-9.4 33.9 0l96.4 96.4 96.4-96.4c9.4-9.4 24.6-9.4 33.9 0l22.6 22.6c9.4 9.4 9.4 24.6 0 33.9l-136 136c-9.2 9.4-24.4 9.4-33.8 0z\"><\/path><\/svg><\/span>\n\t\t\t\t\t\t\t\t<span class=\"elementor-accordion-icon-opened\"><svg class=\"e-font-icon-svg e-fas-angle-up\" viewBox=\"0 0 320 512\" xmlns=\"http:\/\/www.w3.org\/2000\/svg\"><path d=\"M177 159.7l136 136c9.4 9.4 9.4 24.6 0 33.9l-22.6 22.6c-9.4 9.4-24.6 9.4-33.9 0L160 255.9l-96.4 96.4c-9.4 9.4-24.6 9.4-33.9 0L7 329.7c-9.4-9.4-9.4-24.6 0-33.9l136-136c9.4-9.5 24.6-9.5 34-.1z\"><\/path><\/svg><\/span>\n\t\t\t\t\t\t\t\t\t\t\t\t\t\t<\/span>\n\t\t\t\t\t\t\t\t\t\t\t\t<a class=\"elementor-accordion-title\" tabindex=\"0\">Dlaczego organizacje spo\u0142eczne powinny zainteresowa\u0107 si\u0119 ZIT?<\/a>\n\t\t\t\t\t<\/div>\n\t\t\t\t\t<div id=\"elementor-tab-content-1365\" class=\"elementor-tab-content elementor-clearfix\" data-tab=\"5\" role=\"region\" aria-labelledby=\"elementor-tab-title-1365\"><p>ZIT stanowi narz\u0119dzie, kt\u00f3re:<\/p><ul><li>ma pom\u00f3c w skutecznym wykorzystywaniu funduszy unijnych i osi\u0105ganiu cel\u00f3w rozwojowych na poziomie terytorialnym, zachowuj\u0105c jednocze\u015bnie pewn\u0105 elastyczno\u015b\u0107 i dostosowanie do indywidualnych potrzeb region\u00f3w.<\/li><li>k\u0142adzi nacisk na spo\u0142eczny wymiar proces\u00f3w inwestycyjnych i rozw\u00f3j wsp\u00f3lnot lokalnych w ramach perspektywy finansowej 2021-2027.<\/li><li>stanowi kompleksowe narz\u0119dzie, kt\u00f3re nie tylko skierowane jest na rozw\u00f3j materialny, lecz tak\u017ce na aspekty spo\u0142eczne, kulturowe i \u015brodowiskowe, sprzyjaj\u0105c w ten spos\u00f3b sp\u00f3jnemu i zr\u00f3wnowa\u017conemu rozwojowi terytorialnemu.<\/li><\/ul><\/div>\n\t\t\t\t<\/div>\n\t\t\t\t\t\t\t<div class=\"elementor-accordion-item\">\n\t\t\t\t\t<div id=\"elementor-tab-title-1366\" class=\"elementor-tab-title\" data-tab=\"6\" role=\"button\" aria-controls=\"elementor-tab-content-1366\" aria-expanded=\"false\">\n\t\t\t\t\t\t\t\t\t\t\t\t\t<span class=\"elementor-accordion-icon elementor-accordion-icon-right\" aria-hidden=\"true\">\n\t\t\t\t\t\t\t\t\t\t\t\t\t\t\t<span class=\"elementor-accordion-icon-closed\"><svg class=\"e-font-icon-svg e-fas-angle-down\" viewBox=\"0 0 320 512\" xmlns=\"http:\/\/www.w3.org\/2000\/svg\"><path d=\"M143 352.3L7 216.3c-9.4-9.4-9.4-24.6 0-33.9l22.6-22.6c9.4-9.4 24.6-9.4 33.9 0l96.4 96.4 96.4-96.4c9.4-9.4 24.6-9.4 33.9 0l22.6 22.6c9.4 9.4 9.4 24.6 0 33.9l-136 136c-9.2 9.4-24.4 9.4-33.8 0z\"><\/path><\/svg><\/span>\n\t\t\t\t\t\t\t\t<span class=\"elementor-accordion-icon-opened\"><svg class=\"e-font-icon-svg e-fas-angle-up\" viewBox=\"0 0 320 512\" xmlns=\"http:\/\/www.w3.org\/2000\/svg\"><path d=\"M177 159.7l136 136c9.4 9.4 9.4 24.6 0 33.9l-22.6 22.6c-9.4 9.4-24.6 9.4-33.9 0L160 255.9l-96.4 96.4c-9.4 9.4-24.6 9.4-33.9 0L7 329.7c-9.4-9.4-9.4-24.6 0-33.9l136-136c9.4-9.5 24.6-9.5 34-.1z\"><\/path><\/svg><\/span>\n\t\t\t\t\t\t\t\t\t\t\t\t\t\t<\/span>\n\t\t\t\t\t\t\t\t\t\t\t\t<a class=\"elementor-accordion-title\" tabindex=\"0\">Co daje wykorzystanie ZIT?<\/a>\n\t\t\t\t\t<\/div>\n\t\t\t\t\t<div id=\"elementor-tab-content-1366\" class=\"elementor-tab-content elementor-clearfix\" data-tab=\"6\" role=\"region\" aria-labelledby=\"elementor-tab-title-1366\"><ul><li>projekty ZIT przyczyniaj\u0105 si\u0119 do poprawy jako\u015bci \u017cycia spo\u0142eczno\u015bci lokalnych oraz zwi\u0119kszenie aktywno\u015bci gospodarczej w danym obszarze.<\/li><li>stwierdzono, \u017ce projekty ZIT mog\u0105 skutecznie przyczynia\u0107 si\u0119 do <strong>zr\u00f3wnowa\u017conego rozwoju region\u00f3w<\/strong>. Istnieje jednak konieczno\u015b\u0107 monitorowania r\u00f3wnowagi mi\u0119dzy aspektami ekologicznymi, spo\u0142ecznymi i ekonomicznymi, a wi\u0119c harmonijnego podej\u015bcia do inwestycji.<\/li><\/ul><\/div>\n\t\t\t\t<\/div>\n\t\t\t\t\t\t\t<div class=\"elementor-accordion-item\">\n\t\t\t\t\t<div id=\"elementor-tab-title-1367\" class=\"elementor-tab-title\" data-tab=\"7\" role=\"button\" aria-controls=\"elementor-tab-content-1367\" aria-expanded=\"false\">\n\t\t\t\t\t\t\t\t\t\t\t\t\t<span class=\"elementor-accordion-icon elementor-accordion-icon-right\" aria-hidden=\"true\">\n\t\t\t\t\t\t\t\t\t\t\t\t\t\t\t<span class=\"elementor-accordion-icon-closed\"><svg class=\"e-font-icon-svg e-fas-angle-down\" viewBox=\"0 0 320 512\" xmlns=\"http:\/\/www.w3.org\/2000\/svg\"><path d=\"M143 352.3L7 216.3c-9.4-9.4-9.4-24.6 0-33.9l22.6-22.6c9.4-9.4 24.6-9.4 33.9 0l96.4 96.4 96.4-96.4c9.4-9.4 24.6-9.4 33.9 0l22.6 22.6c9.4 9.4 9.4 24.6 0 33.9l-136 136c-9.2 9.4-24.4 9.4-33.8 0z\"><\/path><\/svg><\/span>\n\t\t\t\t\t\t\t\t<span class=\"elementor-accordion-icon-opened\"><svg class=\"e-font-icon-svg e-fas-angle-up\" viewBox=\"0 0 320 512\" xmlns=\"http:\/\/www.w3.org\/2000\/svg\"><path d=\"M177 159.7l136 136c9.4 9.4 9.4 24.6 0 33.9l-22.6 22.6c-9.4 9.4-24.6 9.4-33.9 0L160 255.9l-96.4 96.4c-9.4 9.4-24.6 9.4-33.9 0L7 329.7c-9.4-9.4-9.4-24.6 0-33.9l136-136c9.4-9.5 24.6-9.5 34-.1z\"><\/path><\/svg><\/span>\n\t\t\t\t\t\t\t\t\t\t\t\t\t\t<\/span>\n\t\t\t\t\t\t\t\t\t\t\t\t<a class=\"elementor-accordion-title\" tabindex=\"0\">Jak powinny by\u0107 wdra\u017cane ZIT?<\/a>\n\t\t\t\t\t<\/div>\n\t\t\t\t\t<div id=\"elementor-tab-content-1367\" class=\"elementor-tab-content elementor-clearfix\" data-tab=\"7\" role=\"region\" aria-labelledby=\"elementor-tab-title-1367\"><ul><li>Kluczowe jest monitorowanie partycypacji spo\u0142ecznej, zgodno\u015bci z przepisami oraz efektywno\u015bci dzia\u0142a\u0144 w\u0142adz lokalnych i organ\u00f3w nadzoru.<\/li><li>Wsp\u00f3\u0142praca mi\u0119dzysektorowa, uwzgl\u0119dniaj\u0105ca reprezentacj\u0119 organizacji pozarz\u0105dowych, jest istotna dla skutecznej implementacji ZIT.<\/li><li>Zalecane s\u0105 badania i ewaluacje dla pe\u0142niejszego zrozumienia skutk\u00f3w tych inwestycji na spo\u0142eczno\u015bci lokalne.<\/li><\/ul><\/div>\n\t\t\t\t<\/div>\n\t\t\t\t\t\t\t\t<\/div>\n\t\t\t\t<\/div>\n\t\t\t\t<\/div>\n\t\t\t\t\t<\/div>\n\t\t<\/div>\n\t\t\t\t\t<\/div>\n\t\t<\/section>\n\t\t\t\t\t<\/div>\n\t\t<\/div>\n\t\t\t\t\t<\/div>\n\t\t<\/section>\n\t\t\t\t<\/div>\n\t\t","protected":false},"excerpt":{"rendered":"<p>FAQ FAQ Znajd\u017a odpowiedzi na swoje pytania Co to ZIT? Zintegrowane Inwestycje Terytorialne to wsp\u00f3lne dzia\u0142ania samorz\u0105d\u00f3w na rzecz \u0142\u0105cz\u0105cych je obszar\u00f3w. ZIT-y powstaj\u0105 w ramach zasad, wg kt\u00f3rych odr\u0119bne samorz\u0105dy nawi\u0105zuj\u0105 wsp\u00f3\u0142prac\u0119 i realizuj\u0105 strategie rozwoju ponadlokalnego.ZIT- y s\u0105 finansowane z Funduszy Europejskich, a wg danych Ministerstwa Funduszy i Rozwoju Regionalnego w perspektywie finansowej Unii Europejskiej na lata 2021 \u2013 2027 w Polsce instrumenty terytorialne b\u0119d\u0105 realizowane w 95 Miejskich Obszarach Funkcjonalnych (MOF).W wojew\u00f3dztwie pomorskim, pr\u00f3cz Obszaru Metropolitalnego Gda\u0144sk-Gdynia-Sopot, w okresie finansowania UE 2021-2027 powsta\u0142o 9 \u201enowych\u201d ZIT Czym jest strategia ZIT? Strategia ZIT to dokument planuj\u0105cy dzia\u0142ania na rzecz ponadlokalnego rozwoju terytorialnego. Strategi\u0119 tworz\u0105 sami zainteresowani, czyli lokalne podmioty, a jej istnienie zapewnia przekrojowy, zr\u00f3wnowa\u017cony rozw\u00f3j. Czym jest zasada partnerstwa w ZIT-ach? Zasada partnerstwa w funduszach strukturalnych, czyli r\u00f3wnie\u017c w ZIT-ach, to obowi\u0105zek w\u0142\u0105czenia spo\u0142ecze\u0144stwa w procesy decyzyjne. G\u0142\u00f3wn\u0105 i obowi\u0105zkow\u0105 form\u0105 realizacji tej zasady jest powo\u0142anie cia\u0142a doradczego, kt\u00f3re sk\u0142ada si\u0119 z reprezentant\u00f3w organizacji spo\u0142ecze\u0144stwa obywatelskiego oraz partner\u00f3w spo\u0142eczno-gospodarczych.Mimo obligatoryjnego charakteru zasady partnerstwa analiza przygotowana dla OFOP-u wykazuje, \u017ce w ok 3 % zbadanych cia\u0142 doradczych w og\u00f3le nie ma przedstawicieli organizacji. W 18 % cia\u0142 stanowili oni ponad dwie trzecie sk\u0142adu. Jakie projekty mog\u0105 by\u0107 realizowane w ramach ZIT? Interwencja wdra\u017cana w ZIT mo\u017ce by\u0107 realizowana w ramach wszystkich cel\u00f3w polityki sp\u00f3jno\u015bci wskazanych w rozporz\u0105dzeniach UE. Zakres tematyczny strategii ZIT b\u0119d\u0105cy wynikiem przeprowadzonej diagnozy powinien by\u0107 tak\u017ce uj\u0119ty we w\u0142a\u015bciwych programach regionalnych lub krajowych, w kt\u00f3rych przewidziano wsparcie dla realizacji ZIT. W Umowie Partnerstwa wskazano rekomendowane obszary tematyczne, kt\u00f3re mog\u0105 by\u0107 w szczeg\u00f3lno\u015bci predestynowane do wdra\u017cania w ramach ZIT. Nie jest to jednak katalog zamkni\u0119ty i mo\u017ce zosta\u0107, decyzj\u0105 w\u0142a\u015bciwej instytucji zarz\u0105dzaj\u0105cej, po konsultacji ze Zwi\u0105zkiem ZIT, rozszerzony o interwencj\u0119 z innych obszar\u00f3w tematycznych. Dlaczego organizacje spo\u0142eczne powinny zainteresowa\u0107 si\u0119 ZIT? ZIT stanowi narz\u0119dzie, kt\u00f3re: ma pom\u00f3c w skutecznym wykorzystywaniu funduszy unijnych i osi\u0105ganiu cel\u00f3w rozwojowych na poziomie terytorialnym, zachowuj\u0105c jednocze\u015bnie pewn\u0105 elastyczno\u015b\u0107 i dostosowanie do indywidualnych potrzeb region\u00f3w. k\u0142adzi nacisk na spo\u0142eczny wymiar proces\u00f3w inwestycyjnych i rozw\u00f3j wsp\u00f3lnot lokalnych w ramach perspektywy finansowej 2021-2027. stanowi kompleksowe narz\u0119dzie, kt\u00f3re nie tylko skierowane jest na rozw\u00f3j materialny, lecz tak\u017ce na aspekty spo\u0142eczne, kulturowe i \u015brodowiskowe, sprzyjaj\u0105c w ten spos\u00f3b sp\u00f3jnemu i zr\u00f3wnowa\u017conemu rozwojowi terytorialnemu. Co daje wykorzystanie ZIT? projekty ZIT przyczyniaj\u0105 si\u0119 do poprawy jako\u015bci \u017cycia spo\u0142eczno\u015bci lokalnych oraz zwi\u0119kszenie aktywno\u015bci gospodarczej w danym obszarze. stwierdzono, \u017ce projekty ZIT mog\u0105 skutecznie przyczynia\u0107 si\u0119 do zr\u00f3wnowa\u017conego rozwoju region\u00f3w. Istnieje jednak konieczno\u015b\u0107 monitorowania r\u00f3wnowagi mi\u0119dzy aspektami ekologicznymi, spo\u0142ecznymi i ekonomicznymi, a wi\u0119c harmonijnego podej\u015bcia do inwestycji. Jak powinny by\u0107 wdra\u017cane ZIT? Kluczowe jest monitorowanie partycypacji spo\u0142ecznej, zgodno\u015bci z przepisami oraz efektywno\u015bci dzia\u0142a\u0144 w\u0142adz lokalnych i organ\u00f3w nadzoru. Wsp\u00f3\u0142praca mi\u0119dzysektorowa, uwzgl\u0119dniaj\u0105ca reprezentacj\u0119 organizacji pozarz\u0105dowych, jest istotna dla skutecznej implementacji ZIT. Zalecane s\u0105 badania i ewaluacje dla pe\u0142niejszego zrozumienia skutk\u00f3w tych inwestycji na spo\u0142eczno\u015bci lokalne.<\/p>\n","protected":false},"author":1,"featured_media":0,"parent":0,"menu_order":0,"comment_status":"closed","ping_status":"closed","template":"elementor_canvas","meta":{"footnotes":""},"class_list":["post-523","page","type-page","status-publish","hentry"],"_links":{"self":[{"href":"https:\/\/pomorskie.zity.pl\/index.php?rest_route=\/wp\/v2\/pages\/523","targetHints":{"allow":["GET"]}}],"collection":[{"href":"https:\/\/pomorskie.zity.pl\/index.php?rest_route=\/wp\/v2\/pages"}],"about":[{"href":"https:\/\/pomorskie.zity.pl\/index.php?rest_route=\/wp\/v2\/types\/page"}],"author":[{"embeddable":true,"href":"https:\/\/pomorskie.zity.pl\/index.php?rest_route=\/wp\/v2\/users\/1"}],"replies":[{"embeddable":true,"href":"https:\/\/pomorskie.zity.pl\/index.php?rest_route=%2Fwp%2Fv2%2Fcomments&post=523"}],"version-history":[{"count":15,"href":"https:\/\/pomorskie.zity.pl\/index.php?rest_route=\/wp\/v2\/pages\/523\/revisions"}],"predecessor-version":[{"id":950,"href":"https:\/\/pomorskie.zity.pl\/index.php?rest_route=\/wp\/v2\/pages\/523\/revisions\/950"}],"wp:attachment":[{"href":"https:\/\/pomorskie.zity.pl\/index.php?rest_route=%2Fwp%2Fv2%2Fmedia&parent=523"}],"curies":[{"name":"wp","href":"https:\/\/api.w.org\/{rel}","templated":true}]}}