{"id":831,"date":"2024-12-11T15:58:02","date_gmt":"2024-12-11T14:58:02","guid":{"rendered":"http:\/\/pomorskie.zity.pl\/?page_id=831"},"modified":"2025-01-20T20:15:46","modified_gmt":"2025-01-20T19:15:46","slug":"podsumowanie-projektu","status":"publish","type":"page","link":"https:\/\/pomorskie.zity.pl\/?page_id=831","title":{"rendered":"Podsumowanie projektu"},"content":{"rendered":"\t\t<div data-elementor-type=\"wp-page\" data-elementor-id=\"831\" class=\"elementor elementor-831\" data-elementor-settings=\"{&quot;ha_cmc_init_switcher&quot;:&quot;no&quot;}\">\n\t\t\t\t\t\t<section class=\"elementor-section elementor-top-section elementor-element elementor-element-3730ef01 elementor-section-height-min-height elementor-section-content-middle elementor-section-boxed elementor-section-height-default elementor-section-items-middle wpr-particle-no wpr-jarallax-no wpr-parallax-no wpr-sticky-section-no\" data-id=\"3730ef01\" data-element_type=\"section\" data-settings=\"{&quot;background_background&quot;:&quot;classic&quot;,&quot;_ha_eqh_enable&quot;:false}\">\n\t\t\t\t\t\t\t<div class=\"elementor-background-overlay\"><\/div>\n\t\t\t\t\t\t\t<div class=\"elementor-container elementor-column-gap-default\">\n\t\t\t\t\t<div class=\"elementor-column elementor-col-100 elementor-top-column elementor-element elementor-element-3271a306\" data-id=\"3271a306\" data-element_type=\"column\">\n\t\t\t<div class=\"elementor-widget-wrap elementor-element-populated\">\n\t\t\t\t\t\t<div class=\"elementor-element elementor-element-1c18478e elementor-widget elementor-widget-heading\" data-id=\"1c18478e\" data-element_type=\"widget\" data-widget_type=\"heading.default\">\n\t\t\t\t<div class=\"elementor-widget-container\">\n\t\t\t<h2 class=\"elementor-heading-title elementor-size-default\">Podsumowanie projektu<\/h2>\t\t<\/div>\n\t\t\t\t<\/div>\n\t\t\t\t\t<\/div>\n\t\t<\/div>\n\t\t\t\t\t<\/div>\n\t\t<\/section>\n\t\t<div class=\"elementor-element elementor-element-c42dd08 e-flex e-con-boxed wpr-particle-no wpr-jarallax-no wpr-parallax-no wpr-sticky-section-no e-con e-parent\" data-id=\"c42dd08\" data-element_type=\"container\" data-settings=\"{&quot;_ha_eqh_enable&quot;:false}\">\n\t\t\t\t\t<div class=\"e-con-inner\">\n\t\t\t\t<div class=\"elementor-element elementor-element-0d3bf4e elementor-widget elementor-widget-spacer\" data-id=\"0d3bf4e\" data-element_type=\"widget\" data-widget_type=\"spacer.default\">\n\t\t\t\t<div class=\"elementor-widget-container\">\n\t\t\t\t\t<div class=\"elementor-spacer\">\n\t\t\t<div class=\"elementor-spacer-inner\"><\/div>\n\t\t<\/div>\n\t\t\t\t<\/div>\n\t\t\t\t<\/div>\n\t\t\t\t\t<\/div>\n\t\t\t\t<\/div>\n\t\t<div class=\"elementor-element elementor-element-3319440 e-flex e-con-boxed wpr-particle-no wpr-jarallax-no wpr-parallax-no wpr-sticky-section-no e-con e-parent\" data-id=\"3319440\" data-element_type=\"container\" data-settings=\"{&quot;_ha_eqh_enable&quot;:false}\">\n\t\t\t\t\t<div class=\"e-con-inner\">\n\t\t\t\t<div class=\"elementor-element elementor-element-a113247 elementor-widget elementor-widget-text-editor\" data-id=\"a113247\" data-element_type=\"widget\" data-widget_type=\"text-editor.default\">\n\t\t\t\t<div class=\"elementor-widget-container\">\n\t\t\t\t\t\t\t<p><strong><span>Jaka zmiana spo\u0142eczna zostanie osi\u0105gni\u0119ta poprzez realizacj\u0119 zadania?<\/span><\/strong><\/p>\n<p>Realizacja projektu okaza\u0142a si\u0119&nbsp; wyzwaniem w zakresie uzyskiwania&nbsp; informacji, publicznie&nbsp; udost\u0119pniane&nbsp; by\u0142y zazwyczaj wybi\u00f3rcze, dotarcie do bardziej miarodajnych wymaga czasu i zabieg\u00f3w.&nbsp;Realizatorzy mogli korzysta\u0107 g\u0142\u00f3wnie&nbsp;ze \u017ar\u00f3de\u0142, jakimi s\u0105 badania OFOP&nbsp;oraz&nbsp;pewne dane&nbsp;uzyskane&nbsp;z Urz\u0119du Marsza\u0142kowskiego, Instytucji Zarz\u0105dzaj\u0105cej Funduszami Europejskimi dla Pomorza.<\/p>\n<p>Instytucje zarz\u0105dzaj\u0105ce zwi\u0105zkami ZIT deklaruj\u0105&nbsp;w wi\u0119kszo\u015bci&nbsp;spe\u0142nienie wytycznych odnosz\u0105cych si\u0119 do zasad partnerstwa, w tym udzia\u0142u partner\u00f3w spo\u0142ecznych w zespo\u0142ach doradczych. Badania przeprowadzone przez OFOP wykaza\u0142y jednak wprost przyk\u0142ady niespe\u0142nienia zasad wynikaj\u0105cych z Umowy partnerstwa odnosz\u0105cych si\u0119 do sk\u0142adu cia\u0142 doradczych .<\/p>\n<p>Organizacje pozarz\u0105dowe, jak wynika&nbsp;z sonda\u017cy, w zdecydowanej wi\u0119kszo\u015bci&nbsp;&nbsp;nie maj\u0105 wiedzy nt ZIT, lokalnej strategii oraz podejmowanych w oparciu o ni\u0105 zada\u0144. Samorz\u0105dy zazwyczaj przypisuj\u0105 win\u0119 przedstawicielom strony spo\u0142ecznej, jako ma\u0142o aktywnych i niezainteresowanych udzia\u0142em w spotkaniach, do kt\u00f3rych byli zapraszani. Organizacje spo\u0142eczne, wg naszej wiedzy, oceniaj\u0105 jako instrumentalne&nbsp; w\u0142\u0105czanie ich do prac&nbsp;&nbsp;na dalszym etapie, by wykaza\u0107&nbsp;spe\u0142nienie wymogu&nbsp;konsultacji&nbsp;z udzia\u0142em strony spo\u0142ecznej.<\/p>\n<p>Nie poznali\u015bmy przyk\u0142ad\u00f3w by organizacje wsp\u00f3\u0142tworzy\u0142y strategi\u0119 ZIT, poprzez udzia\u0142 w zespo\u0142ach formu\u0142uj\u0105cych zadania w odpowiedzi na wskazane przez&nbsp;nie&nbsp;problemy spo\u0142eczne.<\/p>\n<p>Tematyka&nbsp;odg\u00f3rnie tworzonej&nbsp;strategii ZIT&nbsp;z regu\u0142y obejmuje&nbsp;inwestycje&nbsp;infrastrukturalne, niezwi\u0105zane&nbsp;z dzia\u0142alno\u015bci\u0105 sektora spo\u0142ecznego.&nbsp;W\u015br\u00f3d&nbsp;samorz\u0105d\u00f3w i NGO-s\u00f3w&nbsp;panuje, jak si\u0119 wydaje, przekonanie, \u017ce wy\u0142\u0105cznie takie zadania mog\u0105 by\u0107 podejmowane w ramach strategii ZIT.<\/p>\n<p>Tymczasem, jak czytamy w wytycznych \u2013 interwencja wdra\u017cana w&nbsp;ZIT&nbsp;mo\u017ce by\u0107 realizowana w ramach wszystkich cel\u00f3w polityki sp\u00f3jno\u015bci wskazanych w rozporz\u0105dzeniach UE.&nbsp;B\u0119d\u0105cy wynikiem przeprowadzonej diagnozy ca\u0142ego MOF (miejskiego obszaru funkcjonalnego)&nbsp;zakres tematyczny powinien by\u0107&nbsp;uj\u0119ty we w\u0142a\u015bciwych programach regionalnych\/krajowych, w kt\u00f3rych przewidziano wsparcie dla realizacji ZIT. W Umowie Partnerstwa wskazano rekomendowane obszary tematyczne, kt\u00f3re mog\u0105 by\u0107 w szczeg\u00f3lno\u015bci predestynowane do wdra\u017cania w ramach ZIT. Nie jest to jednak katalog zamkni\u0119ty i mo\u017ce zosta\u0107, decyzj\u0105 w\u0142a\u015bciwej instytucji zarz\u0105dzaj\u0105cej po konsultacji ze Zwi\u0105zkiem ZIT, rozszerzony o interwencj\u0119 z innych obszar\u00f3w tematycznych.<\/p>\n<p>Odk\u0142amanie przes\u0142anek, wykluczaj\u0105cych organizacje, czy samo si\u0119 wykluczaj\u0105cych z prac nad strategi\u0119, jako pozbawionych mo\u017cliwo\u015bci&nbsp; merytorycznego udzia\u0142u w jej tworzeniu,&nbsp; powinno wp\u0142yn\u0105\u0107 na ich zaanga\u017cowanie.<\/p>\n<p>Z wniosk\u00f3w&nbsp;wynikaj\u0105cych z&nbsp;dost\u0119pnych analiz wynika, i\u017c kluczowe jest dalsze monitorowanie partycypacji spo\u0142ecznej, zgodno\u015bci z przepisami oraz efektywno\u015bci dzia\u0142a\u0144 w\u0142adz lokalnych i organ\u00f3w nadzoru. Wsp\u00f3\u0142praca mi\u0119dzysektorowa, uwzgl\u0119dniaj\u0105ca reprezentacj\u0119 organizacji pozarz\u0105dowych, jest istotna dla skutecznej implementacji ZIT. Dalsze badania i ewaluacje s\u0105 zalecane dla pe\u0142niejszego zrozumienia skutk\u00f3w tych inwestycji na spo\u0142eczno\u015bci lokalne.<\/p>\n<p>Zmiana spo\u0142eczna oczekiwana przez realizator\u00f3w projektu dotyczy\u0107 ma&nbsp;znacz\u0105cego&nbsp;zwi\u0119kszenia&nbsp;udzia\u0142u organizacji&nbsp;spo\u0142ecznych&nbsp;i in partner\u00f3w w tworzeniu i realizacji strategii ZIT przysz\u0142ej perspektywy UE&nbsp;oraz&nbsp;w\u0142\u0105czenie ich w proces ewaluacji obecnie realizowanych strategii.<\/p>\n<p>Dobro publiczne wymaga od zwi\u0105zk\u00f3w ZIT zmiany podej\u015bcia wobec pomijanych do tej pory partner\u00f3w spo\u0142ecznych w procesie, finansowanym ze \u015brodk\u00f3w UE oraz podj\u0119cia wysi\u0142ku w celu w\u0142\u0105czenia ich na obecnym etapie w prace nad&nbsp; realizacj\u0105 strategii, z my\u015bl\u0105 o wykorzystaniu ich&nbsp; potencja\u0142u spo\u0142ecznego w&nbsp; szerokim partnerstwem, co warunkowa\u0107 b\u0119dzie&nbsp; tempo dalszego&nbsp; rozwoju lokalnego .<\/p>\n<p>Realizatorzy przypisuj\u0105 du\u017ce znaczenie dzia\u0142aniom podj\u0119tym w projekcie, w ramach kt\u00f3rego powsta\u0142a ta&nbsp; strona, kt\u00f3ra&nbsp;ma si\u0119&nbsp; wesprze\u0107 proces \u201euspo\u0142ecznienia ZIT\u201d. Bez kontynuowania podj\u0119tych&nbsp; dzia\u0142a\u0144, w kolejnej perspektywie&nbsp; UE stracimy szans\u0119 by wydatkowane \u015brodki przys\u0142u\u017cy\u0142y si\u0119 aktywnemu w\u0142\u0105czeniu&nbsp; pomorskiego III sektora w procesy decyzyjne o podstawowym znaczeniu dla realizacji cel\u00f3w strategicznych ZIT, jak r\u00f3wnie\u017c ca\u0142ego regionu.<\/p>\n<p><br><\/p>\n<div>\n<p><span style=\"font-weight: bolder;\">REKOMENDACJE WYPRACOWANE W RAMACH PROJEKTU:<\/span><br>1) zasada partnerstwa w pracach ZIT \u2013 przedstawiciele partner\u00f3w spoza administracji maj\u0105 mo\u017cliwo\u015b\u0107 uczestniczenia we wszystkich etapach prac ZIT-u (od programowania przez wdra\u017canie, monitoring i ewaluacj\u0119), w szczeg\u00f3lno\u015bci powo\u0142ani w wyniku otwartego naboru cz\u0142onkowie cia\u0142a doradczego ZIT powinni by\u0107 w\u0142\u0105czeni do grup roboczych opracowuj\u0105cych strategi\u0119 ZIT;<br>2) sk\u0142ad cia\u0142a doradczego ZIT powinien by\u0107 zgodny z Umow\u0105 Partnerstwa, tzn. \u017ce powinno si\u0119 sk\u0142ada\u0107 z przedstawicieli partner\u00f3w spo\u0142eczno-gospodarczych,&nbsp; organizacji spo\u0142ecze\u0144stwa obywatelskiego oraz&nbsp;podmiot\u00f3w odpowiedzialnych za promowanie w\u0142\u0105czenia spo\u0142ecznego, praw podstawowych, praw os\u00f3b niepe\u0142nosprawnych, r\u00f3wno\u015bci p\u0142ci, niedyskryminacji, niepodlegaj\u0105cych organowi zarz\u0105dzaj\u0105cemu i powo\u0142anych w spos\u00f3b niezale\u017cny;&nbsp;<br>3) cia\u0142o doradcze ZIT sk\u0142adaj\u0105ce si\u0119 z partner\u00f3w spo\u0142ecznych, w tym organizacji spo\u0142ecze\u0144stwa obywatelskiego, powinno spe\u0142nia\u0107 rol\u0119 komitetu monitoruj\u0105cego ZIT.<br>4) formalne umocowanie cia\u0142a doradczego w strukturach ZIT, jego samorz\u0105dno\u015b\u0107 i niezale\u017cno\u015b\u0107, zapewnia dzia\u0142anie na podstawie przyj\u0119tego przez siebie regulaminu;<br>5) zapis w regulaminie cia\u0142a doradczego o mo\u017cliwo\u015bci udzia\u0142u w posiedzeniach tego gremium os\u00f3b spoza jego sk\u0142adu \/bez prawa g\u0142osu\/ co wzmocni zasad\u0119 partnerstwa i dialog spo\u0142eczny;<br><br><br><br>Cz\u0142onkowie zespo\u0142u postuluj\u0105 udzia\u0142 cz\u0142onk\u00f3w cia\u0142a doradczego ZIT w pracach nad:<br>-strategi\u0105 ZIT<br>ocen\u0105 wi\u0105zek projektowych<br>listami projekt\u00f3w<br>realizacj\u0105 strategii ZIT<br>realizacj\u0105 projekt\u00f3w<br>ewaluacj\u0105<br><br>W wyniku&nbsp; analiz prac zespo\u0142u stwierdzono, \u017ce:<br>Do tej pory organizacje pozarz\u0105dowe, rzadziej sektor ekonomii spo\u0142ecznej, s\u0105 przede wszystkim elementami diagnozy kondycji MOF, g\u0142\u00f3wnie w zakresie aktywno\u015bci spo\u0142ecznej (obywatelskiej) i infrastruktury dzia\u0142a\u0144&nbsp; (kultura, sport, pomoc spo\u0142eczna). W du\u017co mniejszym stopniu s\u0105 beneficjentami wdro\u017cenia strategii, a w najmniejszym -realizatorami planowanych dzia\u0142a\u0144. Tym samym s\u0105 odbiorcami wsparcia, nie pe\u0142noprawnymi realizatorami. W strategiach powinny znale\u017a\u0107 si\u0119 zapisy, \u017ce tak\u017ce zasoby partner\u00f3w spo\u0142eczno-gospodarczych i spo\u0142ecze\u0144stwa obywatelskiego&nbsp; mog\u0105 by\u0107 jednym ze \u017ar\u00f3de\u0142 realizacji interwencji.&nbsp;<br><br>Zmiana spo\u0142eczna do kt\u00f3rej przyczyni si\u0119 realizacja zadania, oczekiwana przez cz\u0142onk\u00f3w zespo\u0142u w przysz\u0142ej perspektywy UE, polega\u0107 ma na aktywnym w\u0142\u0105czeniu si\u0119 pomorskiego III sektora w procesy decyzyjne o podstawowym znaczeniu dla regionu, m.in. w\u0142\u0105czenia organizacji w proces tworzenia i realizacji strategii ZIT i mo\u017cliwo\u015bci oceny czy zrealizowane zosta\u0142y zak\u0142adane cele strategiczne ZIT.<\/p><\/div>\n<p>Romana Aziewicz, EUROPEJSKIE UGRUPOWANIE NA RZECZ EDUKACJI I KREOWANIA AKTYWNO\u015aCI &#8222;EUREKA&#8221;<\/p>\t\t\t\t\t\t<\/div>\n\t\t\t\t<\/div>\n\t\t\t\t\t<\/div>\n\t\t\t\t<\/div>\n\t\t\t\t<\/div>\n\t\t","protected":false},"excerpt":{"rendered":"<p>Podsumowanie projektu Jaka zmiana spo\u0142eczna zostanie osi\u0105gni\u0119ta poprzez realizacj\u0119 zadania? Realizacja projektu okaza\u0142a si\u0119&nbsp; wyzwaniem w zakresie uzyskiwania&nbsp; informacji, publicznie&nbsp; udost\u0119pniane&nbsp; by\u0142y zazwyczaj wybi\u00f3rcze, dotarcie do bardziej miarodajnych wymaga czasu i zabieg\u00f3w.&nbsp;Realizatorzy mogli korzysta\u0107 g\u0142\u00f3wnie&nbsp;ze \u017ar\u00f3de\u0142, jakimi s\u0105 badania OFOP&nbsp;oraz&nbsp;pewne dane&nbsp;uzyskane&nbsp;z Urz\u0119du Marsza\u0142kowskiego, Instytucji Zarz\u0105dzaj\u0105cej Funduszami Europejskimi dla Pomorza. Instytucje zarz\u0105dzaj\u0105ce zwi\u0105zkami ZIT deklaruj\u0105&nbsp;w wi\u0119kszo\u015bci&nbsp;spe\u0142nienie wytycznych odnosz\u0105cych si\u0119 do zasad partnerstwa, w tym udzia\u0142u partner\u00f3w spo\u0142ecznych w zespo\u0142ach doradczych. Badania przeprowadzone przez OFOP wykaza\u0142y jednak wprost przyk\u0142ady niespe\u0142nienia zasad wynikaj\u0105cych z Umowy partnerstwa odnosz\u0105cych si\u0119 do sk\u0142adu cia\u0142 doradczych . Organizacje pozarz\u0105dowe, jak wynika&nbsp;z sonda\u017cy, w zdecydowanej wi\u0119kszo\u015bci&nbsp;&nbsp;nie maj\u0105 wiedzy nt ZIT, lokalnej strategii oraz podejmowanych w oparciu o ni\u0105 zada\u0144. Samorz\u0105dy zazwyczaj przypisuj\u0105 win\u0119 przedstawicielom strony spo\u0142ecznej, jako ma\u0142o aktywnych i niezainteresowanych udzia\u0142em w spotkaniach, do kt\u00f3rych byli zapraszani. Organizacje spo\u0142eczne, wg naszej wiedzy, oceniaj\u0105 jako instrumentalne&nbsp; w\u0142\u0105czanie ich do prac&nbsp;&nbsp;na dalszym etapie, by wykaza\u0107&nbsp;spe\u0142nienie wymogu&nbsp;konsultacji&nbsp;z udzia\u0142em strony spo\u0142ecznej. Nie poznali\u015bmy przyk\u0142ad\u00f3w by organizacje wsp\u00f3\u0142tworzy\u0142y strategi\u0119 ZIT, poprzez udzia\u0142 w zespo\u0142ach formu\u0142uj\u0105cych zadania w odpowiedzi na wskazane przez&nbsp;nie&nbsp;problemy spo\u0142eczne. Tematyka&nbsp;odg\u00f3rnie tworzonej&nbsp;strategii ZIT&nbsp;z regu\u0142y obejmuje&nbsp;inwestycje&nbsp;infrastrukturalne, niezwi\u0105zane&nbsp;z dzia\u0142alno\u015bci\u0105 sektora spo\u0142ecznego.&nbsp;W\u015br\u00f3d&nbsp;samorz\u0105d\u00f3w i NGO-s\u00f3w&nbsp;panuje, jak si\u0119 wydaje, przekonanie, \u017ce wy\u0142\u0105cznie takie zadania mog\u0105 by\u0107 podejmowane w ramach strategii ZIT. Tymczasem, jak czytamy w wytycznych \u2013 interwencja wdra\u017cana w&nbsp;ZIT&nbsp;mo\u017ce by\u0107 realizowana w ramach wszystkich cel\u00f3w polityki sp\u00f3jno\u015bci wskazanych w rozporz\u0105dzeniach UE.&nbsp;B\u0119d\u0105cy wynikiem przeprowadzonej diagnozy ca\u0142ego MOF (miejskiego obszaru funkcjonalnego)&nbsp;zakres tematyczny powinien by\u0107&nbsp;uj\u0119ty we w\u0142a\u015bciwych programach regionalnych\/krajowych, w kt\u00f3rych przewidziano wsparcie dla realizacji ZIT. W Umowie Partnerstwa wskazano rekomendowane obszary tematyczne, kt\u00f3re mog\u0105 by\u0107 w szczeg\u00f3lno\u015bci predestynowane do wdra\u017cania w ramach ZIT. Nie jest to jednak katalog zamkni\u0119ty i mo\u017ce zosta\u0107, decyzj\u0105 w\u0142a\u015bciwej instytucji zarz\u0105dzaj\u0105cej po konsultacji ze Zwi\u0105zkiem ZIT, rozszerzony o interwencj\u0119 z innych obszar\u00f3w tematycznych. Odk\u0142amanie przes\u0142anek, wykluczaj\u0105cych organizacje, czy samo si\u0119 wykluczaj\u0105cych z prac nad strategi\u0119, jako pozbawionych mo\u017cliwo\u015bci&nbsp; merytorycznego udzia\u0142u w jej tworzeniu,&nbsp; powinno wp\u0142yn\u0105\u0107 na ich zaanga\u017cowanie. Z wniosk\u00f3w&nbsp;wynikaj\u0105cych z&nbsp;dost\u0119pnych analiz wynika, i\u017c kluczowe jest dalsze monitorowanie partycypacji spo\u0142ecznej, zgodno\u015bci z przepisami oraz efektywno\u015bci dzia\u0142a\u0144 w\u0142adz lokalnych i organ\u00f3w nadzoru. Wsp\u00f3\u0142praca mi\u0119dzysektorowa, uwzgl\u0119dniaj\u0105ca reprezentacj\u0119 organizacji pozarz\u0105dowych, jest istotna dla skutecznej implementacji ZIT. Dalsze badania i ewaluacje s\u0105 zalecane dla pe\u0142niejszego zrozumienia skutk\u00f3w tych inwestycji na spo\u0142eczno\u015bci lokalne. Zmiana spo\u0142eczna oczekiwana przez realizator\u00f3w projektu dotyczy\u0107 ma&nbsp;znacz\u0105cego&nbsp;zwi\u0119kszenia&nbsp;udzia\u0142u organizacji&nbsp;spo\u0142ecznych&nbsp;i in partner\u00f3w w tworzeniu i realizacji strategii ZIT przysz\u0142ej perspektywy UE&nbsp;oraz&nbsp;w\u0142\u0105czenie ich w proces ewaluacji obecnie realizowanych strategii. Dobro publiczne wymaga od zwi\u0105zk\u00f3w ZIT zmiany podej\u015bcia wobec pomijanych do tej pory partner\u00f3w spo\u0142ecznych w procesie, finansowanym ze \u015brodk\u00f3w UE oraz podj\u0119cia wysi\u0142ku w celu w\u0142\u0105czenia ich na obecnym etapie w prace nad&nbsp; realizacj\u0105 strategii, z my\u015bl\u0105 o wykorzystaniu ich&nbsp; potencja\u0142u spo\u0142ecznego w&nbsp; szerokim partnerstwem, co warunkowa\u0107 b\u0119dzie&nbsp; tempo dalszego&nbsp; rozwoju lokalnego . Realizatorzy przypisuj\u0105 du\u017ce znaczenie dzia\u0142aniom podj\u0119tym w projekcie, w ramach kt\u00f3rego powsta\u0142a ta&nbsp; strona, kt\u00f3ra&nbsp;ma si\u0119&nbsp; wesprze\u0107 proces \u201euspo\u0142ecznienia ZIT\u201d. Bez kontynuowania podj\u0119tych&nbsp; dzia\u0142a\u0144, w kolejnej perspektywie&nbsp; UE stracimy szans\u0119 by wydatkowane \u015brodki przys\u0142u\u017cy\u0142y si\u0119 aktywnemu w\u0142\u0105czeniu&nbsp; pomorskiego III sektora w procesy decyzyjne o podstawowym znaczeniu dla realizacji cel\u00f3w strategicznych ZIT, jak r\u00f3wnie\u017c ca\u0142ego regionu. REKOMENDACJE WYPRACOWANE W RAMACH PROJEKTU:1) zasada partnerstwa w pracach ZIT \u2013 przedstawiciele partner\u00f3w spoza administracji maj\u0105 mo\u017cliwo\u015b\u0107 uczestniczenia we wszystkich etapach prac ZIT-u (od programowania przez wdra\u017canie, monitoring i ewaluacj\u0119), w szczeg\u00f3lno\u015bci powo\u0142ani w wyniku otwartego naboru cz\u0142onkowie cia\u0142a doradczego ZIT powinni by\u0107 w\u0142\u0105czeni do grup roboczych opracowuj\u0105cych strategi\u0119 ZIT;2) sk\u0142ad cia\u0142a doradczego ZIT powinien by\u0107 zgodny z Umow\u0105 Partnerstwa, tzn. \u017ce powinno si\u0119 sk\u0142ada\u0107 z przedstawicieli partner\u00f3w spo\u0142eczno-gospodarczych,&nbsp; organizacji spo\u0142ecze\u0144stwa obywatelskiego oraz&nbsp;podmiot\u00f3w odpowiedzialnych za promowanie w\u0142\u0105czenia spo\u0142ecznego, praw podstawowych, praw os\u00f3b niepe\u0142nosprawnych, r\u00f3wno\u015bci p\u0142ci, niedyskryminacji, niepodlegaj\u0105cych organowi zarz\u0105dzaj\u0105cemu i powo\u0142anych w spos\u00f3b niezale\u017cny;&nbsp;3) cia\u0142o doradcze ZIT sk\u0142adaj\u0105ce si\u0119 z partner\u00f3w spo\u0142ecznych, w tym organizacji spo\u0142ecze\u0144stwa obywatelskiego, powinno spe\u0142nia\u0107 rol\u0119 komitetu monitoruj\u0105cego ZIT.4) formalne umocowanie cia\u0142a doradczego w strukturach ZIT, jego samorz\u0105dno\u015b\u0107 i niezale\u017cno\u015b\u0107, zapewnia dzia\u0142anie na podstawie przyj\u0119tego przez siebie regulaminu;5) zapis w regulaminie cia\u0142a doradczego o mo\u017cliwo\u015bci udzia\u0142u w posiedzeniach tego gremium os\u00f3b spoza jego sk\u0142adu \/bez prawa g\u0142osu\/ co wzmocni zasad\u0119 partnerstwa i dialog spo\u0142eczny; Cz\u0142onkowie zespo\u0142u postuluj\u0105 udzia\u0142 cz\u0142onk\u00f3w cia\u0142a doradczego ZIT w pracach nad:-strategi\u0105 ZITocen\u0105 wi\u0105zek projektowychlistami projekt\u00f3wrealizacj\u0105 strategii ZITrealizacj\u0105 projekt\u00f3wewaluacj\u0105 W wyniku&nbsp; analiz prac zespo\u0142u stwierdzono, \u017ce:Do tej pory organizacje pozarz\u0105dowe, rzadziej sektor ekonomii spo\u0142ecznej, s\u0105 przede wszystkim elementami diagnozy kondycji MOF, g\u0142\u00f3wnie w zakresie aktywno\u015bci spo\u0142ecznej (obywatelskiej) i infrastruktury dzia\u0142a\u0144&nbsp; (kultura, sport, pomoc spo\u0142eczna). W du\u017co mniejszym stopniu s\u0105 beneficjentami wdro\u017cenia strategii, a w najmniejszym -realizatorami planowanych dzia\u0142a\u0144. Tym samym s\u0105 odbiorcami wsparcia, nie pe\u0142noprawnymi realizatorami. W strategiach powinny znale\u017a\u0107 si\u0119 zapisy, \u017ce tak\u017ce zasoby partner\u00f3w spo\u0142eczno-gospodarczych i spo\u0142ecze\u0144stwa obywatelskiego&nbsp; mog\u0105 by\u0107 jednym ze \u017ar\u00f3de\u0142 realizacji interwencji.&nbsp; Zmiana spo\u0142eczna do kt\u00f3rej przyczyni si\u0119 realizacja zadania, oczekiwana przez cz\u0142onk\u00f3w zespo\u0142u w przysz\u0142ej perspektywy UE, polega\u0107 ma na aktywnym w\u0142\u0105czeniu si\u0119 pomorskiego III sektora w procesy decyzyjne o podstawowym znaczeniu dla regionu, m.in. w\u0142\u0105czenia organizacji w proces tworzenia i realizacji strategii ZIT i mo\u017cliwo\u015bci oceny czy zrealizowane zosta\u0142y zak\u0142adane cele strategiczne ZIT. Romana Aziewicz, EUROPEJSKIE UGRUPOWANIE NA RZECZ EDUKACJI I KREOWANIA AKTYWNO\u015aCI &#8222;EUREKA&#8221;<\/p>\n","protected":false},"author":1,"featured_media":0,"parent":0,"menu_order":0,"comment_status":"closed","ping_status":"closed","template":"elementor_canvas","meta":{"footnotes":""},"class_list":["post-831","page","type-page","status-publish","hentry"],"_links":{"self":[{"href":"https:\/\/pomorskie.zity.pl\/index.php?rest_route=\/wp\/v2\/pages\/831","targetHints":{"allow":["GET"]}}],"collection":[{"href":"https:\/\/pomorskie.zity.pl\/index.php?rest_route=\/wp\/v2\/pages"}],"about":[{"href":"https:\/\/pomorskie.zity.pl\/index.php?rest_route=\/wp\/v2\/types\/page"}],"author":[{"embeddable":true,"href":"https:\/\/pomorskie.zity.pl\/index.php?rest_route=\/wp\/v2\/users\/1"}],"replies":[{"embeddable":true,"href":"https:\/\/pomorskie.zity.pl\/index.php?rest_route=%2Fwp%2Fv2%2Fcomments&post=831"}],"version-history":[{"count":13,"href":"https:\/\/pomorskie.zity.pl\/index.php?rest_route=\/wp\/v2\/pages\/831\/revisions"}],"predecessor-version":[{"id":1039,"href":"https:\/\/pomorskie.zity.pl\/index.php?rest_route=\/wp\/v2\/pages\/831\/revisions\/1039"}],"wp:attachment":[{"href":"https:\/\/pomorskie.zity.pl\/index.php?rest_route=%2Fwp%2Fv2%2Fmedia&parent=831"}],"curies":[{"name":"wp","href":"https:\/\/api.w.org\/{rel}","templated":true}]}}